**3 - 6*b**2. What is the tens digit of f(t)?
1
Let a be 269 - (1 + -1 + -1). Let q(b) = 48*b + 51. Let d be q(-1). Suppose 3*x - 54 = -i, -5*i + a = -x + d*x. What is the units digit of i?
4
What is the thousands digit of 87313/15 - (-162)/1215?
5
Suppose l = 3*j - 0*j + 575, -4*j = -2*l + 1142. What is the units digit of l?
3
Let p be (-2)/(-3) + (-16)/(-3). Let a(s) = s**2 + 13*s - 24. Let t be a(-15). What is the tens digit of (33/t - -1)*p?
3
Let a be 39/(-65) + (-467)/5. Let w = -24 - a. What is the tens digit of w?
7
Let t be 0 + 2 + (1 - 1). Let f be -2 - -7 - (21 - 52). Suppose -t*c + 4*c = f. What is the tens digit of c?
1
Let b(y) = y - 1. Let l be b(4). Let u be (4 + 132/(-6))/((-6)/(-4)). What is the tens digit of (-472)/u + (-1)/l?
3
Let r(v) = v - 16. Let i be r(14). What is the units digit of ((-20)/(-8) + i)/((-3)/(-558))?
3
Let j(g) = -g**3 - 9*g**2 - 2*g - 9. Let k be j(-7). Let p = 135 - k. What is the hundreds digit of p?
2
Suppose -75 = -0*f - 5*f. Let m be 1460/8*(-126)/f. What is the units digit of m/(-28) + (-6)/8?
4
Let r = 18 + -14. Suppose r*y - 168 = 2*t - 4*t, -5*y + 240 = -5*t. What is the units digit of y?
4
What is the thousands digit of (-747136)/(-128) - 1*-2?
5
What is the tens digit of ((-18522)/(-2))/7 - 7?
1
Suppose -7*j + 10*j - 1050 = -3*d, 5*d = 5*j + 1770. What is the hundreds digit of d?
3
Suppose w - 18 = 2. Suppose h + 4*x - 5 = 0, -5*x = h + 3*h - w. What is the tens digit of 2 + -3 + 80/h?
1
Let k = -580 + 1047. What is the tens digit of k?
6
Let i = -28 - -24. Let o(w) = 7*w**2 + 9*w + 1. What is the tens digit of o(i)?
7
Let m(a) be the first derivative of a**3/3 + 7*a**2/2 - 3*a + 22. What is the units digit of m(-9)?
5
Suppose -5*a = -3474 + 579. What is the units digit of a?
9
Suppose 0 = -36*i + 2721 + 29463. What is the tens digit of i?
9
Let j(p) = p**2 + p + 1. Let s be j(-1). Let h = s - -48. Let b = 105 - h. What is the tens digit of b?
5
Suppose -4 = -3*c + 5. Suppose c*a - 13 = 4*z, -2*z + 12 = 3*a - 5*z. Suppose -2*p = -5*p + a. What is the units digit of p?
1
Let j(x) = x**3 - 8*x**2 + 2*x - 11. Let b be j(8). Let a(r) = 5*r. Let f(p) = 6*p. Let c(y) = -7*a(y) + 6*f(y). What is the units digit of c(b)?
5
Suppose -16*z = -3677 - 2563. What is the hundreds digit of z?
3
Suppose -7*l + 1600 = -2*l. Suppose -7*q = -2*q - l. Suppose 4*z - q + 0 = 0. What is the tens digit of z?
1
Suppose 46437 = -37*z + 172681. What is the tens digit of z?
1
Let g be (1 - (-7 + 2))/(-1). Let c be g/27 - 77/(-63). What is the tens digit of 2*-18*c/(-2)?
1
Suppose -6*w - 4374 = -3*l - 5*w, 0 = -2*l + 5*w + 2916. What is the units digit of l?
8
Suppose -2*i - 47 + 177 = 0. What is the units digit of i?
5
Let u(v) = -v**3 - 2*v**2 - 2*v + 5. Let g be u(0). Suppose 0 = 6*o - g*o - 118. What is the units digit of o?
8
Let s = -558 - -1106. What is the tens digit of s?
4
Let q(o) = 15*o + 1. Let z be 36/(-8)*2/(-3). Let g be z*1/(-1) + 4. What is the tens digit of q(g)?
1
What is the units digit of (-8)/24 - 1142*(-5)/30?
0
Let u(v) = -v - 7*v**2 + 4 + 3*v**2 + 20*v**2. Let h be u(2). Suppose -4*b - h = -6*b. What is the tens digit of b?
3
Suppose -3*p - 48 = -7*p. Let k(z) = -z**3 + 13*z**2 - 12*z + 4. Let f be k(p). Suppose -f*n + 24 + 16 = 0. What is the tens digit of n?
1
What is the tens digit of 8 + 5 + (0 - -808)?
2
Let u(t) = t**3 + 4*t**2 - 6*t - 3. Let z(v) = 2*v**3 + 9*v**2 + 7*v + 8. Let h be z(-4). Let b be (-19)/(-38) - (-22)/h. What is the units digit of u(b)?
2
Let f = -53 + 63. Let y(s) = -s**3 + 11*s**2 - 3*s + 9. What is the units digit of y(f)?
9
Let u(f) = -16*f**2 + 17*f**2 - 7*f - 3 + 17. Suppose t + t = 12. What is the units digit of u(t)?
8
Suppose 4753 = 3*h - 5*b, -5*h - b = -3*h - 3186. What is the units digit of h?
1
Suppose -4*d + 5960 = -29*s + 24*s, 0 = 2*s + 8. What is the thousands digit of d?
1
Suppose -42*j = -10*j - 69280. What is the tens digit of j?
6
Let s = 235 - 104. Let d = -38 + s. What is the tens digit of d?
9
Suppose -2*d - 5*p + 3*p = -6, -13 = -4*d - 5*p. Suppose -295 = -d*c - 21. What is the units digit of c?
7
Let t(w) = -9*w - 8. Let f be -4 + 0/(4 - 1). What is the units digit of t(f)?
8
Let q be (-1556)/(-4) + (-1 - 3). Suppose 2*g + 209 = 4*g + 5*c, 0 = -4*g + c + q. What is the units digit of g?
7
Let s be ((-9)/12)/(3/(-12)). Suppose -5*i = 5*b + 10, -5*i - b = s*b + 10. Let v(o) = 2*o**2 + o + 1. What is the units digit of v(i)?
7
Suppose 2*d + 32 = -5*n, 0 = -2*n + 5*d - 6*d - 12. Let f(o) = -o**3 - 8*o**2 + 3. Let p be f(n). Suppose -20 = -p*g + 16. What is the units digit of g?
2
Suppose 4*l + 4 = 0, -3*l + 0*l + 13 = 4*d. Suppose 112 = 5*f + 3*v, v = 2*v - d. What is the units digit of f?
0
Suppose l - 6*l = 10. Let t(u) = -u**2 + u. Let x(o) = 3*o**2 - 11*o - 7. Let c(b) = l*t(b) - x(b). What is the tens digit of c(6)?
2
Suppose 24*o - 10 = 19*o. Suppose 0 = -o*c + 138 - 14. What is the units digit of c?
2
Suppose 546 = 12*m - 18. Let o(a) = a**2 - 12*a + 5. Let r be o(12). Suppose r*w = 4*w + m. What is the tens digit of w?
4
What is the hundreds digit of 813*(-3*(-10)/(-45))/(-2)?
2
Suppose 0 = 3*z - 5*v - 16, -2*v - 14 = -4*z + v. Let o be ((-123)/6)/(1/z). Let x = 91 + o. What is the units digit of x?
0
Let m = -34 - -11. Let p = 53 + m. What is the units digit of p?
0
Suppose 3*o + 12 = 9. Let r be 0*(o - -2 - 0). What is the units digit of r + 6*(14 + -3)?
6
Suppose -6*t = -2*g - t - 1, g + 5*t - 7 = 0. Suppose 4*j - g*o = -3*o, 0 = -j - 5*o + 19. What is the units digit of 6*(-16)/(-3) - j?
3
Let o(t) = -t**2 - 5*t + 4. Let n(a) = -3*a**2 - 1. Let j be n(1). Let w be o(j). Let m = w - -9. What is the tens digit of m?
1
Let w(d) = -d + 2. Let p be w(-2). Let c be p/(-22) - 2650/(-55). Suppose -g - 2*g + c = 0. What is the units digit of g?
6
Let s(h) = 8*h**2 - 7*h + 24. Let o be s(7). Let k = o + -186. What is the units digit of k?
1
Let q = 290 - -280. What is the units digit of q?
0
Let h(t) = 10*t - 9*t**2 + 2*t**3 + 3*t**3 - 10 - 4*t**3. Let y be h(8). What is the tens digit of 200/(-12)*y/(-4)?
2
Let u = 56 + -48. What is the units digit of 30*(5 + -1)/u?
5
Let k = -34 - -40. Suppose 0 = -k*u + 57 + 39. What is the tens digit of u?
1
Suppose -5*y + 2087 = 4*z, -3*z + 5*z + 1680 = 4*y. What is the hundreds digit of y?
4
Let o = -7 - -9. Suppose 5*w - 18 = -s, o*w = 2*s + 6*w - 42. What is the units digit of s?
3
Let y(g) = -g**3 + g**2 + 5*g - 3. Let b be y(2). Suppose -2*s + s = b. Let t(u) = -14*u + 8. What is the units digit of t(s)?
0
Let x be (3 + 0)*(54 - -7). Let j = x + -103. What is the tens digit of j?
8
Let l = 49 - -476. What is the hundreds digit of l?
5
Let f(d) = 2*d**3 - 4*d**2 + 2*d + 1. Let p be f(2). Let b(h) = 3*h - 27. Let s be b(9). Suppose p = k - s. What is the units digit of k?
5
Let o(u) = u**3 + 31*u**2 + 41*u - 66. What is the thousands digit of o(-28)?
1
Suppose -5*m = 20, 4*m + 2307 = 3*j + 155. What is the units digit of j?
2
Let t be -4 + -2 - 16/(-4). What is the tens digit of (t/(-3))/((-30)/(-1485))?
3
Let t be (-4)/(-10) + 0 - 391/(-85). Suppose 9*f - 492 = t*f. What is the hundreds digit of f?
1
Suppose -8*z - 4568 = -16*z. What is the hundreds digit of z?
5
Suppose 0 = 3*o + j + 17, 0*o - 5*j = -5*o - 35. Let z(n) = -19*n - 65. What is the units digit of z(o)?
9
Let c(h) be the third derivative of -h**5/60 + 11*h**4/12 - h**3/6 + 10*h**2. What is the units digit of c(16)?
5
Let u(r) = 138*r**2 + 2*r + 13. What is the units digit of u(3)?
1
Let l(r) = 94*r**2 + 3*r + 5. What is the hundreds digit of l(-2)?
3
Let k = 942 + -584. Suppose -8*i + 3*i + 570 = -5*q, k = 3*i + q. What is the tens digit of i?
1
Let j = 38 - 26. Let z be 2/8 - (-9)/j. What is the units digit of (15/(-6))/(z/(-2))?
5
Suppose -1340 = -4*j + j + 2*k, -1790 = -4*j + k. What is the tens digit of j?
4
Suppose -12 = w - 4*w - 2*x, w = 5*x - 13. Suppose -3*j - 3*q + 760 = w*j, -3*q - 581 = -4*j. What is the tens digit of j?
4
Let u be 2 + -6 + 10 + 2/(-1). Let w = 8 + u. What is the units digit of w?
2
Let a = 102 + -14. Let j(z) = -3*z + 6. Let p be j(1). Suppose p*c = -c + a. What is the units digit of c?
2
What is the hundreds digit of 1994 - (3/7 + (-768)/224)?
9
Let s(y) = -y**3 + 39*y**2 + 18*y - 75. What is the thousands d